{"id":38,"date":"2020-10-10T19:49:37","date_gmt":"2020-10-10T19:49:37","guid":{"rendered":"http:\/\/susannamalinowsky.at\/?page_id=38"},"modified":"2026-04-11T22:06:16","modified_gmt":"2026-04-11T22:06:16","slug":"home","status":"publish","type":"page","link":"http:\/\/susannamalinowsky.at\/","title":{"rendered":"Home"},"content":{"rendered":"<div id=\"metaslider-id-371\" style=\"width: 100%;\" class=\"ml-slider-3-99-0 metaslider metaslider-flex metaslider-371 ml-slider ms-theme-default\" role=\"region\" aria-label=\"Neue Slideshow\" data-width=\"700\">\n    <div id=\"metaslider_container_371\">\n        <div id=\"metaslider_371\">\n            <ul class='slides'>\n                <li style=\"display: block; width: 100%;\" class=\"slide-381 ms-image \" aria-roledescription=\"slide\" data-date=\"2020-10-21 18:56:04\"><img src=\"http:\/\/susannamalinowsky.at\/wp-content\/uploads\/2020\/10\/176_Eyes_of_the_sea_or_No_more_plastic_please_2019_100x70cm.jpg\" height=\"300\" width=\"700\" alt=\"\" class=\"slider-371 slide-381 msDefaultImage\" title=\"176_Eyes_of_the_sea_or_No_more_plastic_please_2019_100x70cm\" \/><\/li>\n                <li style=\"display: none; width: 100%;\" class=\"slide-382 ms-image \" aria-roledescription=\"slide\" data-date=\"2020-10-21 18:56:04\"><img src=\"http:\/\/susannamalinowsky.at\/wp-content\/uploads\/2020\/10\/167_Orchideen_und_Stacheln_2018_100x50cm-700x300.jpg\" height=\"300\" width=\"700\" alt=\"\" class=\"slider-371 slide-382 msDefaultImage\" title=\"167_Orchideen_und_Stacheln_2018_100x50cm\" \/><\/li>\n                <li style=\"display: none; width: 100%;\" class=\"slide-383 ms-image \" aria-roledescription=\"slide\" data-date=\"2020-10-21 18:56:04\"><img src=\"http:\/\/susannamalinowsky.at\/wp-content\/uploads\/2020\/11\/IMG_20201125_155209-Copy-640x274.jpg\" height=\"300\" width=\"700\" alt=\"\" class=\"slider-371 slide-383 msDefaultImage\" title=\"IMG_20201125_155209-Copy\" \/><\/li>\n            <\/ul>\n        <\/div>\n        \n    <\/div>\n<\/div>\n\n\n\n<hr class=\"wp-block-separator\"\/>\n\n\n\n<h2 class=\"has-text-align-center\">N\u00e4chste Termine<\/h2>\n\n\n\n<hr class=\"wp-block-separator\"\/>\n\n\n\n<p class=\"has-text-align-center\">Noch ist nichts geplant.<\/p>\n\n\n\n<p class=\"has-text-align-center\">Kreative Gr\u00fc\u00dfe an alle Kunstliebhaber\/innen!<\/p>\n\n\n\n<p><\/p>\n\n\n\n<hr class=\"wp-block-separator\"\/>\n\n\n\n<div class=\"wp-block-group\"><div class=\"wp-block-group__inner-container\">\n<h2 class=\"has-text-align-center\">News<\/h2>\n\n\n\n<p>Die tollen Weine von Christian und Ulli Burgstaller werden jetzt mit meinen Bildern geschm\u00fcckt:<\/p>\n\n\n\n<div class=\"wp-block-image\"><figure class=\"aligncenter size-large is-resized\"><img loading=\"lazy\" src=\"http:\/\/susannamalinowsky.at\/wp-content\/uploads\/2021\/08\/Weinflaschen-Etiketten-1024x768.jpg\" alt=\"\" class=\"wp-image-673\" width=\"580\" height=\"435\" srcset=\"http:\/\/susannamalinowsky.at\/wp-content\/uploads\/2021\/08\/Weinflaschen-Etiketten-1024x768.jpg 1024w, http:\/\/susannamalinowsky.at\/wp-content\/uploads\/2021\/08\/Weinflaschen-Etiketten-300x225.jpg 300w, http:\/\/susannamalinowsky.at\/wp-content\/uploads\/2021\/08\/Weinflaschen-Etiketten-768x576.jpg 768w, http:\/\/susannamalinowsky.at\/wp-content\/uploads\/2021\/08\/Weinflaschen-Etiketten-1536x1152.jpg 1536w, http:\/\/susannamalinowsky.at\/wp-content\/uploads\/2021\/08\/Weinflaschen-Etiketten-16x12.jpg 16w, http:\/\/susannamalinowsky.at\/wp-content\/uploads\/2021\/08\/Weinflaschen-Etiketten-80x60.jpg 80w, http:\/\/susannamalinowsky.at\/wp-content\/uploads\/2021\/08\/Weinflaschen-Etiketten.jpg 2048w\" sizes=\"(max-width: 580px) 100vw, 580px\" \/><figcaption>Die edlen Tropfen k\u00f6nnt ihr hier bestellen: <a href=\"mailto:burgstaller.weine@aon.at\">burgstaller.weine@aon.at<\/a><\/figcaption><\/figure><\/div>\n\n\n\n<hr class=\"wp-block-separator\"\/>\n\n\n\n<p>Es freut mich bei einem lieben Freund Drucke meiner Malereien&nbsp; l\u00f6sungsmittelfrei anfertigen lassen zu k\u00f6nnen. Es wird eine limitierte Auflage geben und die Drucke werden signiert und nummeriert sein. Bis zum Originalformat sind alle Gr\u00f6\u00dfen m\u00f6glich und werden zwischen \u20ac 70,00 und \u20ac 200,00&nbsp; kosten.<\/p>\n\n\n\n<p>Bei Interesse bitte gew\u00fcnschtes Bild, Gr\u00f6\u00dfe und&nbsp;Adresse angeben und ich werde den gew\u00fcnschten Druck per Nachnahme nachsenden.&nbsp;<\/p>\n\n\n\n<hr class=\"wp-block-separator\"\/>\n<\/div><\/div>\n\n\n\n<p>Wenn ihr noch Fragen oder Anregungen habt k\u00f6nnt ihr euch gerne \u00fcber das <a href=\"http:\/\/susannamalinowsky.at\/?page_id=62\" data-type=\"page\" data-id=\"62\" target=\"_blank\" rel=\"noreferrer noopener\">Kontaktformular<\/a> bei mir melden!<\/p>\n","protected":false},"excerpt":{"rendered":"<p>N\u00e4chste Termine Noch ist nichts geplant. Kreative Gr\u00fc\u00dfe an alle Kunstliebhaber\/innen! Wenn ihr noch Fragen oder Anregungen habt k\u00f6nnt ihr euch gerne \u00fcber das Kontaktformular bei mir melden!<\/p>\n","protected":false},"author":1,"featured_media":0,"parent":0,"menu_order":0,"comment_status":"closed","ping_status":"closed","template":"","meta":[],"_links":{"self":[{"href":"http:\/\/susannamalinowsky.at\/index.php?rest_route=\/wp\/v2\/pages\/38"}],"collection":[{"href":"http:\/\/susannamalinowsky.at\/index.php?rest_route=\/wp\/v2\/pages"}],"about":[{"href":"http:\/\/susannamalinowsky.at\/index.php?rest_route=\/wp\/v2\/types\/page"}],"author":[{"embeddable":true,"href":"http:\/\/susannamalinowsky.at\/index.php?rest_route=\/wp\/v2\/users\/1"}],"replies":[{"embeddable":true,"href":"http:\/\/susannamalinowsky.at\/index.php?rest_route=%2Fwp%2Fv2%2Fcomments&post=38"}],"version-history":[{"count":50,"href":"http:\/\/susannamalinowsky.at\/index.php?rest_route=\/wp\/v2\/pages\/38\/revisions"}],"predecessor-version":[{"id":816,"href":"http:\/\/susannamalinowsky.at\/index.php?rest_route=\/wp\/v2\/pages\/38\/revisions\/816"}],"wp:attachment":[{"href":"http:\/\/susannamalinowsky.at\/index.php?rest_route=%2Fwp%2Fv2%2Fmedia&parent=38"}],"curies":[{"name":"wp","href":"https:\/\/api.w.org\/{rel}","templated":true}]}}

<div id="metaslider-id-371" style="width: 100%;" class="ml-slider-3-99-0 metaslider metaslider-flex metaslider-371 ml-slider ms-theme-default" role="region" aria-label="Neue Slideshow" data-width="700">
    <div id="metaslider_container_371">
        <div id="metaslider_371">
            <ul class='slides'>
                <li style="display: block; width: 100%;" class="slide-381 ms-image " aria-roledescription="slide" data-date="2020-10-21 18:56:04"><img src="http://susannamalinowsky.at/wp-content/uploads/2020/10/176_Eyes_of_the_sea_or_No_more_plastic_please_2019_100x70cm.jpg" height="300" width="700" alt="" class="slider-371 slide-381 msDefaultImage" title="176_Eyes_of_the_sea_or_No_more_plastic_please_2019_100x70cm" /></li>
                <li style="display: none; width: 100%;" class="slide-382 ms-image " aria-roledescription="slide" data-date="2020-10-21 18:56:04"><img src="http://susannamalinowsky.at/wp-content/uploads/2020/10/167_Orchideen_und_Stacheln_2018_100x50cm-700x300.jpg" height="300" width="700" alt="" class="slider-371 slide-382 msDefaultImage" title="167_Orchideen_und_Stacheln_2018_100x50cm" /></li>
                <li style="display: none; width: 100%;" class="slide-383 ms-image " aria-roledescription="slide" data-date="2020-10-21 18:56:04"><img src="http://susannamalinowsky.at/wp-content/uploads/2020/11/IMG_20201125_155209-Copy-640x274.jpg" height="300" width="700" alt="" class="slider-371 slide-383 msDefaultImage" title="IMG_20201125_155209-Copy" /></li>
            </ul>
        </div>
        
    </div>
</div>



<hr class="wp-block-separator"/>



<h2 class="has-text-align-center">Nächste Termine</h2>



<hr class="wp-block-separator"/>



<p class="has-text-align-center">Noch ist nichts geplant.</p>



<p class="has-text-align-center">Kreative Grüße an alle Kunstliebhaber/innen!</p>



<p></p>



<hr class="wp-block-separator"/>



<div class="wp-block-group"><div class="wp-block-group__inner-container">
<h2 class="has-text-align-center">News</h2>



<p>Die tollen Weine von Christian und Ulli Burgstaller werden jetzt mit meinen Bildern geschmückt:</p>



<div class="wp-block-image"><figure class="aligncenter size-large is-resized"><img loading="lazy" src="http://susannamalinowsky.at/wp-content/uploads/2021/08/Weinflaschen-Etiketten-1024x768.jpg" alt="" class="wp-image-673" width="580" height="435" srcset="http://susannamalinowsky.at/wp-content/uploads/2021/08/Weinflaschen-Etiketten-1024x768.jpg 1024w, http://susannamalinowsky.at/wp-content/uploads/2021/08/Weinflaschen-Etiketten-300x225.jpg 300w, http://susannamalinowsky.at/wp-content/uploads/2021/08/Weinflaschen-Etiketten-768x576.jpg 768w, http://susannamalinowsky.at/wp-content/uploads/2021/08/Weinflaschen-Etiketten-1536x1152.jpg 1536w, http://susannamalinowsky.at/wp-content/uploads/2021/08/Weinflaschen-Etiketten-16x12.jpg 16w, http://susannamalinowsky.at/wp-content/uploads/2021/08/Weinflaschen-Etiketten-80x60.jpg 80w, http://susannamalinowsky.at/wp-content/uploads/2021/08/Weinflaschen-Etiketten.jpg 2048w" sizes="(max-width: 580px) 100vw, 580px" /><figcaption>Die edlen Tropfen könnt ihr hier bestellen: <a href="mailto:burgstaller.weine@aon.at">burgstaller.weine@aon.at</a></figcaption></figure></div>



<hr class="wp-block-separator"/>



<p>Es freut mich bei einem lieben Freund Drucke meiner Malereien&nbsp; lösungsmittelfrei anfertigen lassen zu können. Es wird eine limitierte Auflage geben und die Drucke werden signiert und nummeriert sein. Bis zum Originalformat sind alle Größen möglich und werden zwischen € 70,00 und € 200,00&nbsp; kosten.</p>



<p>Bei Interesse bitte gewünschtes Bild, Größe und&nbsp;Adresse angeben und ich werde den gewünschten Druck per Nachnahme nachsenden.&nbsp;</p>



<hr class="wp-block-separator"/>
</div></div>



<p>Wenn ihr noch Fragen oder Anregungen habt könnt ihr euch gerne über das <a href="http://susannamalinowsky.at/?page_id=62" data-type="page" data-id="62" target="_blank" rel="noreferrer noopener">Kontaktformular</a> bei mir melden!</p>

<p>Nächste Termine Noch ist nichts geplant. Kreative Grüße an alle Kunstliebhaber/innen! Wenn ihr noch Fragen oder Anregungen habt könnt ihr euch gerne über das Kontaktformular bei mir melden!</p>
